{"id":59,"date":"2021-11-28T16:22:36","date_gmt":"2021-11-28T15:22:36","guid":{"rendered":"https:\/\/www.levnysport.cz\/?page_id=59"},"modified":"2021-11-28T16:23:37","modified_gmt":"2021-11-28T15:23:37","slug":"skiservis-montana","status":"publish","type":"page","link":"https:\/\/www.levnysport.cz\/?page_id=59","title":{"rendered":"Skiservis Montana"},"content":{"rendered":"\n<div class=\"wp-block-columns\">\n<div class=\"wp-block-column\">\n<p>Je n\u00e1m ct\u00ed, \u017ee pat\u0159\u00edme do seznamu elitn\u00edch servis\u016f Montana TOP SKI SERVICE TEAM *****<\/p>\n<\/div>\n\n\n\n<div class=\"wp-block-column\">\n<figure class=\"wp-block-image size-full is-resized\"><img loading=\"lazy\" src=\"https:\/\/www.levnysport.cz\/wp-content\/uploads\/2021\/11\/Montana-Swiss-Top-ski-service-team.jpg\" alt=\"\" class=\"wp-image-60\" width=\"252\" height=\"53\"\/><\/figure>\n<\/div>\n<\/div>\n\n\n\n<p><strong>Slu\u017eby:<\/strong><\/p>\n\n\n\n<ul><li>Oprava a \u010di\u0161t\u011bn\u00ed skluznice<\/li><li>Z\u00e1kladn\u00ed p\u0159edbrou\u0161en\u00ed\u00a0a\u00a0fin\u00e1ln\u00ed brou\u0161en\u00ed<\/li><li>\u00dahlov\u00e1n\u00ed bo\u010dn\u00ed hrany<\/li><li>Tuning spodn\u00ed hrany<\/li><li>Impregnace a le\u0161t\u011bn\u00ed<\/li><li>Ve\u0161ker\u00e9 mont\u00e1\u017ee a se\u0159\u00edzen\u00ed<\/li><\/ul>\n\n\n\n<h4>Odborn\u00edci doporu\u010duj\u00ed \u00fapravu ly\u017e\u00ed p\u0159ed prvn\u00edm ly\u017eov\u00e1n\u00edm v sez\u00f3n\u011b, znovu p\u0159ibli\u017en\u011b po ka\u017ed\u00e9m t\u00fddnu ly\u017eov\u00e1n\u00ed a na konci sez\u00f3ny. M\u016f\u017eeme tedy \u0159\u00edci, \u017ee pokud dop\u0159ejeme na\u0161im ly\u017e\u00edm a snowboard\u016fm pravideln\u00fd servis, m\u016f\u017eeme o\u010dek\u00e1vat v\u011bt\u0161\u00ed z\u00e1\u017eitky z j\u00edzdy, v\u011bt\u0161\u00ed bezpe\u010dnost a del\u0161\u00ed \u017eivotnost.<\/h4>\n\n\n\n<p><strong>Nejmodern\u011bj\u0161\u00ed technologie brou\u0161en\u00ed &#8211; MONTANA:<\/strong><br>V\u00edce ne\u017e 90% v\u0161ech nov\u00fdch ly\u017e\u00ed a snowboard\u016f je nyn\u00ed dod\u00e1v\u00e1na s hranami brou\u0161en\u00fdmi touto \u0161pi\u010dkovou technologi\u00ed. Kone\u010dn\u00e1 \u00faprava hran pomoc\u00ed revolu\u010dn\u00ed technologie na b\u00e1zi keramick\u00fdch kotou\u010d\u016f garantuje nejlep\u0161\u00ed mo\u017en\u00e9 brou\u0161en\u00ed hrany ze spodn\u00ed i bo\u010dn\u00ed hrany. Technologie Montana umo\u017e\u0148uje obnovit ost\u0159\u00ed hran jako u nov\u00fdch ly\u017e\u00ed!<\/p>\n\n\n\n<p><strong>V\u00fdhody brou\u0161en\u00ed s vyu\u017eit\u00edm nejmodern\u011bj\u0161\u00ed technologie:<\/strong><\/p>\n\n\n\n<ul><li>lep\u0161\u00ed to\u010divost ly\u017e\u00ed<\/li><li>snaz\u0161\u00ed j\u00edzda na hran\u00e1ch v carvingov\u00e9m oblouku<\/li><li>ly\u017ee l\u00e9pe dr\u017e\u00ed na zledovat\u011bl\u00e9m ter\u00e9nu = v\u011bt\u0161\u00ed bezpe\u010dnost<\/li><li>hrany si zachov\u00e1vaj\u00ed ostrost del\u0161\u00ed dobu<\/li><li>u za\u010d\u00e1te\u010dn\u00edk\u016f rychlej\u0161\u00ed pokroky p\u0159i v\u00fduce<\/li><\/ul>\n\n\n\n<p><strong>Nev\u00fdhody hrany nabrou\u0161en\u00e9 na tradi\u010dn\u00edm brusn\u00e9m p\u00e1su:<\/strong><\/p>\n\n\n\n<ul><li>nep\u0159esn\u00e1 geometrie hran<\/li><li>hrany jsou zakulacen\u00e9<\/li><li>hrany maj\u00ed hrub\u00fd povrch<\/li><\/ul>\n\n\n\n<p><strong>Impregnace \/ voskov\u00e1n\u00ed &#8211; prov\u00e1d\u00edme na \u0161pi\u010dkov\u00e9m stroji Montana Hot Waxer &#8211; Pro\u010d?<\/strong><\/p>\n\n\n\n<ul><li>brou\u0161en\u00ed ly\u017ee je v\u017edy velk\u00fdm z\u00e1sahem do p\u00f3r\u016f skluznice<\/li><li>impregnace je d\u016fle\u017eit\u00e1 k ochran\u011b p\u00f3r\u016f a k zachov\u00e1n\u00ed elasticity<\/li><li>zv\u00fd\u0161\u00edte skluznost a \u017eivotnost ly\u017ee nebo snowboardu<\/li><li>nanesen\u00ed vosku za studena je ne\u00fa\u010dinn\u00e9, proto by m\u011blo b\u00fdt vyu\u017e\u00edv\u00e1no tepeln\u00e9 voskov\u00e9 l\u00e1zn\u011b<\/li><\/ul>\n","protected":false},"excerpt":{"rendered":"<p>Je n\u00e1m ct\u00ed, \u017ee pat\u0159\u00edme do seznamu elitn\u00edch servis\u016f Montana TOP SKI SERVICE TEAM ***** Slu\u017eby: Oprava a \u010di\u0161t\u011bn\u00ed skluznice Z\u00e1kladn\u00ed p\u0159edbrou\u0161en\u00ed\u00a0a\u00a0fin\u00e1ln\u00ed brou\u0161en\u00ed \u00dahlov\u00e1n\u00ed bo\u010dn\u00ed hrany Tuning spodn\u00ed hrany Impregnace a le\u0161t\u011bn\u00ed Ve\u0161ker\u00e9 mont\u00e1\u017ee a se\u0159\u00edzen\u00ed Odborn\u00edci doporu\u010duj\u00ed \u00fapravu ly\u017e\u00ed p\u0159ed prvn\u00edm ly\u017eov\u00e1n\u00edm v sez\u00f3n\u011b, znovu p\u0159ibli\u017en\u011b po ka\u017ed\u00e9m t\u00fddnu ly\u017eov\u00e1n\u00ed a na konci sez\u00f3ny.&hellip; <a class=\"more-link\" href=\"https:\/\/www.levnysport.cz\/?page_id=59\">Pokra\u010dovat ve\u00a0\u010dten\u00ed <span class=\"screen-reader-text\">Skiservis Montana<\/span><\/a><\/p>\n","protected":false},"author":1,"featured_media":0,"parent":57,"menu_order":0,"comment_status":"closed","ping_status":"closed","template":"","meta":{"spay_email":""},"_links":{"self":[{"href":"https:\/\/www.levnysport.cz\/index.php?rest_route=\/wp\/v2\/pages\/59"}],"collection":[{"href":"https:\/\/www.levnysport.cz\/index.php?rest_route=\/wp\/v2\/pages"}],"about":[{"href":"https:\/\/www.levnysport.cz\/index.php?rest_route=\/wp\/v2\/types\/page"}],"author":[{"embeddable":true,"href":"https:\/\/www.levnysport.cz\/index.php?rest_route=\/wp\/v2\/users\/1"}],"replies":[{"embeddable":true,"href":"https:\/\/www.levnysport.cz\/index.php?rest_route=%2Fwp%2Fv2%2Fcomments&post=59"}],"version-history":[{"count":3,"href":"https:\/\/www.levnysport.cz\/index.php?rest_route=\/wp\/v2\/pages\/59\/revisions"}],"predecessor-version":[{"id":63,"href":"https:\/\/www.levnysport.cz\/index.php?rest_route=\/wp\/v2\/pages\/59\/revisions\/63"}],"up":[{"embeddable":true,"href":"https:\/\/www.levnysport.cz\/index.php?rest_route=\/wp\/v2\/pages\/57"}],"wp:attachment":[{"href":"https:\/\/www.levnysport.cz\/index.php?rest_route=%2Fwp%2Fv2%2Fmedia&parent=59"}],"curies":[{"name":"wp","href":"https:\/\/api.w.org\/{rel}","templated":true}]}}